greatest common divisor of 69366 and 1144?
22
Calculate the highest common divisor of 60 and 120527724.
12
What is the highest common factor of 154301983 and 242?
121
Calculate the highest common divisor of 3930 and 598261935.
1965
What is the highest common divisor of 615 and 7380660?
15
What is the highest common divisor of 1873 and 11322285?
1873
What is the highest common divisor of 440 and 19176760?
40
Calculate the highest common divisor of 10 and 419793655.
5
What is the greatest common factor of 14477 and 11191?
31
What is the highest common factor of 2565 and 156565?
5
Calculate the highest common factor of 259476 and 86709.
21
Calculate the highest common factor of 6034473 and 9.
9
What is the greatest common divisor of 1906292 and 3620?
724
What is the greatest common factor of 37989800 and 2900?
100
What is the greatest common factor of 5009280 and 3480?
120
Calculate the highest common divisor of 7330 and 22.
2
Calculate the greatest common factor of 1521472 and 8.
8
Calculate the greatest common divisor of 421244 and 292.
4
What is the highest common factor of 55878 and 1848?
6
What is the greatest common divisor of 72 and 28850364?
36
Calculate the greatest common divisor of 220864 and 7839860.
812
Calculate the greatest common divisor of 547261 and 1656317.
559
What is the highest common divisor of 11338169 and 111?
37
Calculate the highest common factor of 4843 and 108837.
29
Calculate the greatest common divisor of 811543 and 17473.
173
What is the highest common factor of 201 and 27279519?
201
Calculate the highest common divisor of 778 and 19973594.
778
What is the greatest common factor of 863 and 1466982632?
863
What is the highest common factor of 140900 and 758300?
100
What is the greatest common divisor of 11370 and 767096?
758
Calculate the highest common divisor of 31660530 and 888.
222
Calculate the greatest common factor of 381 and 2373361141.
127
What is the highest common divisor of 2548 and 1179139?
13
What is the greatest common divisor of 8178 and 1461042?
282
What is the highest common divisor of 5540076 and 702?
54
Calculate the highest common divisor of 8319 and 22361.
59
Calculate the greatest common divisor of 13998752 and 62016.
544
What is the highest common divisor of 258198896 and 16?
16
What is the highest common factor of 426642 and 30384?
1266
Calculate the highest common divisor of 13258787 and 115.
23
Calculate the highest common factor of 273 and 105012978.
21
What is the highest common divisor of 1179068 and 8440?
844
What is the greatest common divisor of 942 and 68475079?
157
What is the highest common divisor of 1114889 and 852413?
317
Calculate the greatest common factor of 11535 and 420765.
15
What is the greatest common divisor of 1568721647 and 23?
23
Calculate the greatest common divisor of 774 and 12605192.
86
What is the highest common factor of 230222425 and 104465?
6145
What is the greatest common divisor of 10 and 145996030?
10
What is the greatest common divisor of 286 and 1993342?
26
Calculate the greatest common factor of 11533 and 673770.
607
Calculate the highest common factor of 17590875 and 366.
183
Calculate the highest common factor of 57512 and 38701468.
4108
Calculate the highest common divisor of 3507127 and 741.
13
Calculate the greatest common factor of 17594 and 216486.
38
Calculate the highest common divisor of 260421 and 1113.
21
What is the greatest common divisor of 27036864 and 672?
96
What is the highest common divisor of 22556127 and 496?
31
What is the highest common factor of 197399538 and 594?
54
What is the highest common divisor of 200 and 1426616?
8
What is the greatest common divisor of 2237740 and 454596?
3524
Calculate the greatest common factor of 6754 and 87230.
22
What is the highest common divisor of 112199846 and 286?
22
What is the greatest common factor of 19425 and 13335?
105
Calculate the highest common divisor of 68750680 and 2760.
920
Calculate the highest common divisor of 115911 and 94959.
27
What is the highest common factor of 3473893 and 185?
37
Calculate the highest common factor of 25458936 and 304.
152
What is the greatest common divisor of 5 and 7083175?
5
What is the greatest common factor of 8841876 and 12?
12
What is the greatest common divisor of 1937226213 and 3?
3
Calculate the greatest common factor of 45 and 567500.
5
What is the greatest common divisor of 3859 and 3174665?
17
What is the highest common factor of 1519 and 298802?
49
Calculate the highest common divisor of 23958456 and 6.
6
What is the greatest common factor of 749053 and 5487?
31
Calculate the highest common divisor of 138654586 and 14.
14
Calculate the highest common factor of 51371920 and 80.
80
What is the highest common factor of 1458 and 257274?
18
What is the greatest common divisor of 116641 and 627893?
133
What is the highest common factor of 6554867 and 3323287?
4367
Calculate the highest common divisor of 20720 and 147562660.
5180
Calculate the highest common factor of 11124 and 117824172.
1236
Calculate the greatest common factor of 96 and 635132112.
48
Calculate the greatest common factor of 19 and 156475811.
19
Calculate the greatest common divisor of 27175740 and 16.
4
What is the greatest common divisor of 289250 and 780000?
3250
Calculate the highest common divisor of 190565079 and 57.
57
What is the highest common divisor of 15848 and 3493?
7
Calculate the greatest common factor of 1010 and 27227580.
1010
What is the greatest common divisor of 264 and 10888284?
132
Calculate the greatest common factor of 50570 and 17303.
13
Calculate the highest common divisor of 207425397 and 3.
3
What is the greatest common divisor of 32 and 11060904?
8
What is the highest common factor of 5766261 and 8616099?
13317
Calculate the greatest common divisor of 661557313 and 457.
457
What is the greatest common factor of 693 and 1631889?
63
Calculate the greatest common factor of 258792999 and 3.
3
What is the highest common factor of 26560 and 553440?
160
What is the highest common divisor of 8399334 and 43300?
866
Calculate the highest common factor of 2441 and 11782707.
2441
What is the greatest common divisor of 372028575 and 8628?
2157
What is the highest common divisor of 40991832 and 2352?
1176
Calculate the greatest common divisor of 296640 and 47340.
180
Calculate the highest common factor of 16230805 and 302320.
18895
What is the highest common divisor of 5386948 and 84?
28
Calculate the highest common factor of 6734 and 836654.
182
What is the greatest common divisor of 18711 and 510664?
77
What is the greatest common divisor of 12160 and 971264?
128
Calculate the highest common divisor of 7347 and 39730206.
237
Calculate the greatest common factor of 71 and 68314993.
71
What is the greatest common factor of 1307056 and 75500?
604
What is the highest common divisor of 1862 and 174979588?
1862
What is the greatest common divisor of 154130265 and 45?
45
Calculate the greatest common factor of 25624 and 63.
1
Calculate the highest common factor of 6202 and 18431.
7
What is the greatest common factor of 23866667 and 6169?
199
What is the greatest common divisor of 920640 and 1280?
320
Calculate the greatest common divisor of 1627248 and 528.
48
What is the greatest common factor of 95 and 33204305?
95
What is the greatest common factor of 451913797 and 5926?
2963
Calculate the highest common factor of 6471900 and 1173120.
2820
Calculate the greatest common divisor of 20859772 and 6852.
2284
What is the highest common factor of 235372 and 29602?
722
What is the greatest common divisor of 5 and 315720995?
5
Calculate the greatest common divisor of 10700840 and 640.
40
Calculate the highest common divisor of 6726 and 4492626.
114
Calculate the highest common divisor of 13608042 and 1518.
138
Calculate the highest common factor of 323075534 and 1018.
1018
Calculate the highest common factor of 85626 and 93152.
142
Calculate the highest common factor of 29056170 and 1794.
78
Calculate the highest common factor of 12370237 and 213061.
1411
Calculate the highest common factor of 977010 and 1597755.
435
What is the highest common factor of 4029861 and 22?
11
Calculate the highest common factor of 9673 and 544187.
17
Calculate the highest common divisor of 